5*z + 5. Let u be g(-6). What is the units digit of n(u)?
4
Let v(d) = d**2 - 4*d - 62. Let r be v(-37). Suppose 4*x + 2*c + 592 = 6342, -x + 3*c = -r. What is the units digit of x?
0
Suppose 4*v = -v + 3460. Suppose -498 = -7*z + v. What is the tens digit of z?
7
Let c(g) = 4*g**2 - g - 2. Let s be c(-2). Suppose s = 4*u - 0*u. Suppose -3*l + 24 = u*a, -2*l - 3*a + 40 = 3*l. What is the units digit of l?
8
Let u(v) be the first derivative of 2*v**3/3 - v**2 - 5*v - 13. Let x be u(4). Suppose -x - 86 = -5*r. What is the units digit of r?
1
Let v be (-189)/(-81) + (-6)/(-9) + -1. Suppose v*n - 744 - 486 = 0. What is the units digit of n?
5
Suppose -r = 5*s - 27, -2*s + 8 = -2*r + r. Suppose 1119 = r*l + 131. What is the tens digit of l?
9
Let a be 398/(-10) - 2/10 - -4. Let r be (-138)/a - 1/(-6). What is the tens digit of (39/r)/(30/160)?
5
Let p(x) = -15*x - 7. Let s be p(-7). Let d = s - -259. What is the units digit of d/(-6)*(-24)/14?
2
Let i(f) be the third derivative of 623*f**5/30 + 5*f**4/24 - f**3/6 - 130*f**2 + 2*f. What is the hundreds digit of i(1)?
2
Suppose 14*m - 572 = -14166. Let v = m + 2404. What is the hundreds digit of v?
4
Let c be 14/16 - 8/(-64). What is the hundreds digit of 1/3 + c - (-83226)/99?
8
Let s = -214 - -218. Suppose -414 = -s*q + 1246. What is the hundreds digit of q?
4
What is the ten thousands digit of -840*(-7)/(-6 - ((-185)/35 + -1))?
2
Let q = 61 - 60. What is the units digit of 23 - 2 - (q + -1)?
1
Let p = -565 - -475. Let c(l) = -l**3 - 5*l**2 + 4. Let n be c(-5). What is the units digit of p/(-7) + n/28?
3
Let m = 178 - 97. Suppose 4*z - m = -5*z. Suppose -468 = -z*j - 0*j. What is the tens digit of j?
5
Let n(m) = 30*m + 1. Let j be n(6). Suppose -4*r + 4*a = -1144, -1428 = -2*r - 3*r + 4*a. Let p = r - j. What is the tens digit of p?
0
Let d be -1 - -5 - 268/(-1) - 0. Let w = -112 + d. What is the hundreds digit of w?
1
Let p(i) = 12*i**2 - 6*i - 27. Let a be p(9). Let j = a - 518. What is the tens digit of j?
7
Suppose i - 2*p = 606, -4*i + 3*p = -i - 1824. Let m be 4/((-208)/(-65))*4. Suppose -5*l - i = -5*j - 0*l, -m*j - l + 640 = 0. What is the units digit of j?
7
Let o = -2 - 88. Let j = o - -379. What is the tens digit of j?
8
Let y(u) = 8*u**3 + 3*u**2 + 10*u - 1. Let g(r) = 15*r**3 + 5*r**2 + 19*r - 1. Let j(o) = 2*g(o) - 5*y(o). What is the tens digit of j(-3)?
6
Suppose u + 5*m = 26, 24*u - 16 = 23*u - 3*m. What is the hundreds digit of 15528/27 - -1*u/(-9)?
5
Suppose -b - 20 = -3*p, 3*p - 3*b = 9 + 15. Suppose -13*l + p*l + 945 = 0. Suppose -4*n + l = n - s, 5*n + 4*s = 160. What is the units digit of n?
8
Suppose 5*s + 71 + 33 = 4*c, 3*c = s + 23. Let b be (16/s)/((-4)/(-30)). What is the units digit of 78/(-24)*b + (-2)/4?
9
Let h = 109062 - 59399. What is the units digit of h?
3
Let y(j) = 20*j + 1891. What is the thousands digit of y(48)?
2
Let q(c) = 12*c + 15 + 7*c**2 - 28*c + 14*c**2 + 12 + 12. What is the units digit of q(2)?
1
Suppose 2*o - 6 - 1178 = 0. Let y = 1040 - o. What is the tens digit of y?
4
Suppose -107 = 2*h - 127. Let n(v) = -8*v + 113. What is the units digit of n(h)?
3
Let l be 36/45*10 + -86. What is the units digit of (88/(-24) - 0)*l?
6
Let l(p) = -13*p - 14. Let c be ((-312)/(-9))/13*(-18)/8. What is the tens digit of l(c)?
6
Suppose -2*v - 15539 = -h, -26*h + 3*v = -21*h - 77695. What is the thousands digit of h?
5
Let a(g) = 872*g + 46. Let r be a(1). Let k = r + 64. What is the units digit of k?
2
Suppose 45*u - 220364 = -u + 118564. What is the tens digit of u?
6
Let q(d) = 192*d - 157. Let r(i) = 193*i - 159. Let w(o) = 7*q(o) - 6*r(o). What is the units digit of w(5)?
5
Let g(y) = y - 6. Let l be g(-2). Let o be l/28 + (-78)/21. What is the units digit of (-154 + 0)*2/o?
7
Let a be 2/4*(6 + -6). Suppose -5*v = -3*l - 28, 0 = -v - a*v - 1. What is the units digit of (-2)/l + 2865/33?
7
Let p = 8348 + -6964. What is the tens digit of p?
8
Suppose -63*b + 61*b + 8 = 0. Suppose 0 = b*w - w - 2*n - 23, -w - 11 = 4*n. What is the tens digit of ((2 + -208)/1)/(w + -6)?
0
What is the tens digit of 3/((-4)/(-31)*(-9)/(-13704))?
0
Let p(q) be the third derivative of q**5/60 - q**4/24 + 5*q**3 + 107*q**2. Let h be 5 - -2 - 2 - -1. What is the units digit of p(h)?
0
Let w(p) = -p**3 + 13*p**2 - 9*p - 6. Let q be w(12). Suppose 2*m + 5*s = q, 0 = -5*m - 2*s - 2*s + 41. Let h(t) = 19*t - 19. What is the units digit of h(m)?
6
Suppose 0 = 6*t + 29 + 13. Let g(k) = 3*k + 25. Let v be g(t). Suppose v*u = -u + 230. What is the units digit of u?
6
Suppose 3*d - 1 - 5 = t, -3*d = -2*t - 6. Let c(h) be the second derivative of -h**3/3 + 12*h**2 + 138*h - 2. What is the tens digit of c(t)?
2
Let l = -28885 - -44285. What is the units digit of l?
0
Suppose 0 = 3*p - 9, 2*w = 5*p - 13 + 2. Suppose -6*q - h + 2066 = -q, -5*q + 2067 = w*h. What is the tens digit of q?
1
Suppose 4*d = 384 - 364, -113645 = -4*j - 5*d. What is the hundreds digit of j?
4
Let a(c) = c**3 + 63*c**2 + 100*c + 1971. What is the ten thousands digit of a(-47)?
3
Let z(w) = 4*w**2 + 2*w + 10. Suppose -20 = -3*g + 7*g. Let n be z(g). What is the units digit of (126/15)/(15/n)?
6
Let z be (-8)/32 - ((-6)/(-8))/1. Let k be (2/1)/(-2) + (5 - z). Suppose -f - 99 = -2*h, k*h - 5*f = 198 + 57. What is the tens digit of h?
4
Let a(s) be the third derivative of s**6/720 - s**5/20 + s**4/2 + 12*s**2. Let y(v) be the second derivative of a(v). What is the units digit of y(7)?
1
Let d(u) be the third derivative of 1/10*u**5 + 0 + 1/8*u**4 + 4/3*u**3 + 0*u + 12*u**2. What is the tens digit of d(-4)?
9
Suppose 4*p - 6 = -3*x + 11, -10 = -p + 5*x. Suppose -4*c + c = s - 688, 4*c - p*s - 892 = 0. What is the units digit of c?
8
Let s(y) = -6606*y - 4339. What is the hundreds digit of s(-4)?
0
Let m(d) = 4*d - 2*d + 11 + 756*d**2 - 16 + 3. Let n be m(1). Suppose t - n = -6*t. What is the hundreds digit of t?
1
Let o = -350 + 359. Suppose 0 = o*q - 13*q + 124. What is the units digit of q?
1
Suppose -4*m + 29*x + 202289 = 24*x, -45 = 5*x. What is the hundreds digit of m?
5
Let a = -444 + 441. What is the hundreds digit of (-10 - -13)/(-9) - 3100/a?
0
Suppose -4*r - 22782 = -3*o, 0 = -18*o + 13*o - 4*r + 37970. What is the thousands digit of o?
7
What is the tens digit of (0 + 1432/(-7))*4305/(-1230)?
1
Let o(w) = 35*w**2 - w + 2. Suppose -15*v + 2 = -14*v. Suppose -v*s = -6 + 2. What is the tens digit of o(s)?
4
Suppose 9*x - 23563 - 47006 = 0. What is the hundreds digit of x?
8
Let y(w) = 60*w - 10. Let r be y(20). Suppose -4*d = 4*o - 45 - 1547, 3*o + d - r = 0. What is the hundreds digit of o/3 - (-5 - 0)?
1
Let l(z) = -z**3 - 3*z**2 + 4*z - 3. Let i be l(-4). Let p be 8/i*(-786)/4. Suppose -p = 11*j - 15*j. What is the tens digit of j?
3
Suppose 2*o = -10*o + 2868. Suppose -o - 273 = 8*r. Let u = -19 - r. What is the units digit of u?
5
Suppose -4*r = 1 - 21. Suppose -5*n - r*m + 2340 = 0, 4*n - 4*m + 0*m - 1848 = 0. What is the units digit of n?
5
Let m(g) = 183*g**2 + 4*g + 13. Let x be m(5). Suppose 8*s - 48 = x. What is the units digit of s?
2
Suppose l - 71 = -4*h, 2*l - 5*l = -3*h + 72. Let a(q) = q**3 - 18*q**2 + 13. What is the units digit of a(h)?
4
Let l(s) = -2*s**3 - 5*s**2 - 2*s - 7. Let b be l(-5). Let t(q) = -q**3 - 13*q**2 + 115*q + 7. Let m be t(-19). What is the units digit of (b/m)/(-2)*3?
6
Let c(b) = -51*b**2 - 7*b + 8. Let h = -51 - -54. Let y be c(h). Let d = -291 - y. What is the hundreds digit of d?
1
Suppose -12*p - 54 = -6*p. What is the tens digit of (-67)/(9/12*6/p)?
3
Let f(x) = x**3 - 31*x**2 - x - 251. What is the tens digit of f(39)?
7
Suppose -4*n + r = -0*n - 25, 2*r = -4*n + 10. Suppose -9*m + 10*m = n. Suppose 2*b + 2*b - 16 = 0, -5*f + m*b + 850 = 0. What is the tens digit of f?
7
Suppose 0 = 23*f + 45175 + 5287. Let h = f + 3860. What is the hundreds digit of h?
6
Suppose l - 644 + 17944 = 4*k + 3*l, l = 0. What is the units digit of k?
5
Suppose 0 = -4*u - 8, -f = -6*f - 5*u + 48225. What is the thousands digit of f?
9
Suppose -3*i = 12, 0 = -4*j + 5*j + 2*i. Suppose j*p = 3*p + 1335. Suppose -4*g + p = 3*u, -4*g + 2*g = -u + 79. What is the tens digit of u?
8
Let w be 566/(10/(-15)*-3). Suppose 115 = n - w. Let t = n - 229. What is the units digit of t?
9
Let m(a) = -1543*a 